etermine q(0).
9
Let n(c) = -2*c**2 - 26*c - 44. Give n(-10).
16
Let c(v) = v**3 + 18*v**2 + 31*v - 25. Calculate c(-16).
-9
Let y(s) = s - 16. What is y(24)?
8
Let w(t) = t**3 + 23*t**2 + 48*t - 38. What is w(-21)?
-164
Let c(g) = 6*g - 2. Give c(1).
4
Let z(b) = -3*b - 12. Determine z(-9).
15
Let q(x) = -11*x**3 + 2*x**2 + 4*x + 2. What is q(-1)?
11
Let f(b) = b**3 - 13*b**2 - 3*b - 4. Calculate f(13).
-43
Let t(v) = -30*v + 4. Determine t(5).
-146
Let w(n) = -13*n - 286. Calculate w(-22).
0
Let p(d) = d**3 - d**2 - d - 3. What is p(0)?
-3
Let y(k) = k**2 - 7. Calculate y(0).
-7
Let u(o) = -9*o + 5. Determine u(6).
-49
Let a(m) = 9*m**2 + 2*m - 2. Calculate a(-2).
30
Let z(x) = -5*x**3 - 2*x**2 + 2*x - 4. Determine z(-2).
24
Let s(o) = -6*o + 55. Determine s(10).
-5
Let y(i) = -i**3 + 10*i**2 + i - 6. Calculate y(10).
4
Let w(o) = -5*o - 29. Calculate w(-16).
51
Let h(l) = -l**3 + 17*l**2 + 18*l - 2. Determine h(18).
-2
Let m(x) = 22*x + 60. Calculate m(-3).
-6
Let z(x) = 4*x**2 + 48*x + 27. Determine z(-11).
-17
Let n(o) = o**2 + 27*o + 64. Give n(-24).
-8
Let a(z) = 3*z**2 - 19*z + 17. Give a(5).
-3
Let i(d) = -2*d**2 + 3*d + 8. What is i(-4)?
-36
Let j(u) = -15*u + 7. Give j(-3).
52
Let d(n) = -n**2 - 8*n - 3. Give d(-6).
9
Let o(h) = -h**3 - h**2 + 5*h + 1. Determine o(-4).
29
Let u(p) = -10*p**2 + 2*p + 1. Determine u(-1).
-11
Let u(p) = 4*p + 5. What is u(5)?
25
Let k(g) = -g**2 - 10*g - 10. Determine k(-11).
-21
Let a(o) = -2*o**2 + 5*o + 1. Determine a(4).
-11
Let v(g) = -7*g**3 - 4*g**2 + 12*g - 3. Determine v(2).
-51
Let i(d) = d**3 + d**2 - 9*d + 3. Calculate i(-4).
-9
Let v(c) = -7*c - 174. What is v(-25)?
1
Let s(c) = 2*c**2 + 19*c + 35. Determine s(-8).
11
Let z(y) = -16*y**2 + 1. What is z(1)?
-15
Let n(x) = x**2 - 13*x + 5. Determine n(8).
-35
Let j(s) = 64*s + 134. Calculate j(-2).
6
Let q(v) = v - 6. Calculate q(-4).
-10
Let v(p) = 2*p**3 + 5*p**2 + 3*p - 4. Give v(-4).
-64
Let p(k) = -k**3 + 6*k**2 - 4*k + 3. What is p(4)?
19
Let g(b) = 3*b**2 + 7*b + 5. Give g(-3).
11
Let g(z) = -99*z - 810. Calculate g(-8).
-18
Let o(d) = d**2 - 32*d - 3. Give o(32).
-3
Let g(z) = -z**2 + 10*z + 24. Give g(13).
-15
Let n(t) = -t**2 + 31*t + 221. Determine n(-6).
-1
Let w(a) = -a**2 + 4*a - 17. Determine w(5).
-22
Let t(i) = i**3 + 2*i**2 - 3*i + 7. Determine t(-4).
-13
Let a(m) = -m**2 + 9*m + 3. Give a(7).
17
Let g(p) = 18*p**2 + 4. Determine g(2).
76
Let j(z) = -z - 13. What is j(-10)?
-3
Let c(l) = -90*l + 16. Determine c(2).
-164
Let g(b) = b**2 + 7*b - 6. What is g(4)?
38
Let c(q) = 9*q + 266. Determine c(-30).
-4
Let j(r) = -3*r**2 - 7*r - 16. Calculate j(-3).
-22
Let w(c) = c**3 + 13*c**2 + 10*c - 21. Calculate w(-12).
3
Let x(i) = -3*i**2 - 6*i + 1. What is x(-3)?
-8
Let x(m) = 2*m**2 - 9*m + 1. What is x(4)?
-3
Let s(p) = 4*p + 46. Calculate s(-12).
-2
Let s(c) = -2*c**3 + 3*c**2 - 2*c - 1. Determine s(3).
-34
Let h(u) = -4*u - 60. Give h(-10).
-20
Let z(f) = f**3 + 12*f**2 - 15*f - 21. Give z(-13).
5
Let o(j) = j**3 - 5*j**2 + 9*j - 22. Determine o(3).
-13
Let t(w) = 17*w - 361. Determine t(21).
-4
Let o(v) = -5*v**2 - 5*v + 15. Give o(-4).
-45
Let h(b) = b + 18. Calculate h(-21).
-3
Let k(n) = -2*n - 122. Calculate k(-51).
-20
Let j(v) = 2*v. Calculate j(3).
6
Let k(s) = -s**3 + 14*s**2 - 17*s - 89. Determine k(12).
-5
Let w(z) = -19*z - 7. Give w(-2).
31
Let v(k) = -2*k + 12. Give v(-5).
22
Let w(j) = -14*j**2 + 3*j + 6. Calculate w(-2).
-56
Let b(w) = w**2 + 5*w - 7. Calculate b(-6).
-1
Let a(c) = -2*c**3 + 4*c**2 - 2*c. Give a(3).
-24
Let i(v) = 2*v - 25. Determine i(13).
1
Let s(k) = -k + 9. What is s(10)?
-1
Let j(f) = -f + 13. Give j(12).
1
Let n(o) = o + 4. Give n(-5).
-1
Let j(a) = -a**2 + a. What is j(4)?
-12
Let d(r) = 25*r - 129. Give d(5).
-4
Let i(y) = 10*y - 45. Give i(6).
15
Let t(m) = 3*m**2 + 3*m + 13. Determine t(-5).
73
Let p(t) = -2*t. Calculate p(9).
-18
Let l(b) = b**3 - 14*b**2 + 7*b - 68. Calculate l(14).
30
Let t(s) = -s**3 + s**2 - 7*s + 9. What is t(2)?
-9
Let f(y) = -2*y**2 + 9*y + 8. Give f(6).
-10
Let d(f) = f**2 - 17*f + 23. Give d(12).
-37
Let x(o) = -6*o + 51. Determine x(8).
3
Let m(s) = -34*s**2 + 2*s - 1. Calculate m(-2).
-141
Let m(i) = i - 9. Give m(12).
3
Let b(t) = 5*t - 48. Determine b(7).
-13
Let q(y) = 2*y**3 - 9*y**2 + 13*y + 4. What is q(2)?
10
Let v(u) = 3*u**2 - 34*u - 6. Give v(10).
-46
Let d(w) = w**2 - 32*w - 69. What is d(34)?
-1
Let j(l) = -35*l**2 + 3*l + 2. Calculate j(-1).
-36
Let w(f) = -2*f + 14. What is w(7)?
0
Let b(j) = -j**2 + 14*j + 8. What is b(11)?
41
Let y(b) = b**3 - 11*b**2 + b - 3. Calculate y(11).
8
Let j(t) = -10*t - 285. Determine j(-29).
5
Let o(w) = 27*w + 10. Determine o(0).
10
Let t(a) = 14*a + 122. Give t(-10).
-18
Let n(c) = 81*c + 652. Give n(-8).
4
Let v(y) = -y. What is v(1)?
-1
Let b(g) = -5*g - 6. What is b(-10)?
44
Let r(z) = z**3 + 13*z**2 + 13*z + 6. Determine r(-12).
-6
Let v(g) = 5*g - 17. Determine v(4).
3
Let k(h) = -5*h + 3. Give k(0).
3
Let c(q) = 6*q - 118. Give c(19).
-4
Let b(x) = -x**3 + 4*x**2 + 12*x - 5. Calculate b(5).
30
Let h(r) = -r**3 + 9*r**2 + 28*r - 59. What is h(11)?
7
Let c(w) = -w**3 - 10*w**2 - 11*w + 12. Give c(-9).
30
Let w(a) = -a**3 + a**2 - 2*a - 4. Determine w(-2).
12
Let y(s) = -2*s + 17. Determine y(8).
1
Let h(r) = -3*r**3 + 4*r**2 + 5*r - 1. Determine h(2).
1
Let r(p) = p**3 - 3*p**2 - 7*p - 5. Give r(6).
61
Let j(s) = 2*s + 51. Give j(-25).
1
Let y(i) = -i**3 - 56*i**2 + i + 54. Determine y(-56).
-2
Let n(c) = 7*c + 51. Determine n(-8).
-5
Let u(m) = m**3 + 2*m**2 - 3*m - 2. Give u(3).
34
Let k(a) = 3*a**2 - 64*a + 14. Give k(21).
-7
Let d(v) = v**3 + v**2 + 2*v + 1. Give d(-1).
-1
Let p(s) = s**3 - 3*s**2 - 9*s - 4. Calculate p(5).
1
Let l(t) = t**3 - 2*t**2 - 3*t - 4. What is l(3)?
-4
Let f(r) = 2*r - 7. Determine f(25).
43
Let s(d) = d**3 - 6*d**2 + 5*d - 7. Calculate s(5).
-7
Let n(a) = -a**3 - 4*a**2 - 5*a - 4. Determine n(-4).
16
Let c(p) = -7*p - 5. Calculate c(-7).
44
Let i(t) = 14*t + 1248. Determine i(-89).
2
Let s(q) = q**2 - 19*q + 49. What is s(16)?
1
Let z(j) = j**3 - 9*j**2 - 4*j - 2. What is z(10)?
58
Let t(u) = -41*u - 740. What is t(-18)?
-2
Let g(o) = -o**3 - 18*o**2 + o + 20. Determine g(-18).
2
Let c(y) = y**3 - 21*y**2 - 24*y + 55. Give c(22).
11
Let s(n) = -n**3 - 25*n**2 - 152*n - 12. Give s(-10).
8
Let i(z) = -z**3 + 13*z**2 + 28*z - 194. Give i(14).
2
Let f(v) = 9*v + 8. Determine f(4).
44
Let v(y) = -17*y + 49. Give v(3).
-2
Let s(n) = n**2 - 11*n + 6. What is s(7)?
-22
Let b(v) = v - 17. Give b(-1).
-18
Let p(z) = -2*z**3 - 43*z**2 + 22*z + 3. Determine p(-22).
3
Let u(p) = p**3 + 6*p**2 + p + 8. Give u(-6).
2
Let i(q) = q**3 - 9*q**2 - 3*q - 17. Calculate i(10).
53
Let f(s) = -s**3 - 7*s**2 + 5*s - 7. Determine f(-8).
17
Let f(y) = -y**3 - 2*y**2 + 5*y - 2. Determine f(-4).
10
Let x(p) = p**3 - 7*p**2 + 10*p - 6. Give x(6).
18
Let c(b) = -b**2 - 33*b - 68. Give c(-31).
-6
Let w(o) = -o**3 - 32*o**2 + 32*o - 35. What is w(-33)?
-2
Let b(a) = -a**3 - a + 6. Calculate b(3).
-24
Let l(w) = w**3 - 35*w**2 + 95*w + 57. Calculate l(32).
25
Let o(a) = a**3 - a**2 - 4*a + 5. What is o(0)?
5
Let n(m) = -m**2 + 2*m + 3. What is n(-3)?
-12
Let o(n) = n**3 - 6*n**2 - 8*n - 10. Calculate o(8).
54
Let m(r) = r**3 + 8*r**2 + 5*r - 2. Give m(-6).
40
Let w(v) = 7*v + 12. Determine w(-6).
-30
Let g(n) = -n**2 + 7*n + 10. Determine g(7).
10
Let h(l) = 40*l + 234. Determine h(-6).
-6
Let h(p) = -3*p + 57. Calculate h(18).
3
Let h(a) = -a**2 + 4*a - 11. Determine h(7).
-32
Let w(s) = 6*s**2 - 10*s - 14. Determine w(-2).
30
Let n(y) = 2*y - 7. Give n(6).
5
Let z(t) = 47*t**2 + 4*t + 5. Give z(-1).
48
Let t(d) = -d**3 + 8*d**2 - 8. What is t(8)?
-8
Let l(j) = j**3 - 8*j**2 + 5*j + 7. Calculate l(7).
-7
Let k(z) = -z**3 - 10*z**2 - 9*z - 13. Determine k(-9).
-13
Let q(m) = -8*m**3 - m**2 - 2*m + 2. Calculate q(1).
-9
Let q(z) = z**2 - z + 8. Determine q(-3).
20
Let u(i) = -i + 37. Give u(38).
-1
Let i(w) = 4*w + 7. Determine i(-4).
-9
Let p(u) = -53*u - 2. What is p(-1)?
51
Let z(j) = 2*j**2 + 15*j + 1. Give z(-7).
-6
Let a(n) = n**2 + 4*n - 6. What is a(2)?
6
Let c(d) = 3*d. Determine c(2).
6
Let b(g) = -g - 14. Give b(-7).
-7
Let r(i) = -17*i**3 - 1. What is r(-1)?
16
Let l(p) = p**2 + 23*p + 23. D